
Suppose -8 = -2*x, 2*x - 75 = -3*c + 23. Suppose 5*a + 2*o - 375 = 0, a - 88 = -o - 2*o. Suppose 4*h = -9 + a. Calculate the remainder when c is divided by h.
14
Let i be 3 + -9 + 1 - -1. Calculate the remainder when 31 is divided by (1/(-2))/(i/88).
9
Suppose 5*k - 4*q - 30 = 0, 5*k = -0*q + q + 15. Suppose 3*n - 78 = -4*s, -k*n - 5*s + 37 = -8. What is the remainder when n - (-2 - 0/2) is divided by 17?
15
Let h = 38 + -27. Calculate the remainder when (-32)/(-2) + 15/5 is divided by h.
8
Suppose -40 = -5*q - 3*c, -3*c = -q - 3*q + 59. What is the remainder when 53 is divided by q?
9
Suppose -5*p = -3*z + 2, -2*p + 4 = -0. Calculate the remainder when 13 is divided by z.
1
Let c = 19 + -15. Suppose -3*v = c - 19. What is the remainder when 23 is divided by v?
3
What is the remainder when 121 is divided by 343/11 + (-27)/(-33) + -1?
28
Suppose -b - b + 4 = 0. Suppose 7*o - 50 = b*o. What is the remainder when o is divided by 4?
2
What is the remainder when (-1*2 + 0)/(22/(-77)) is divided by 2?
1
Let i(t) = -t**3 - 2*t**2 + 2*t + 3. Let d be i(-2). Let w(a) = 35*a**2 - 1. Calculate the remainder when w(d) is divided by 18.
16
Suppose 3*v + 113 = 3*l - 55, -4*l + 224 = v. Suppose -2*f = i + 2*i - l, -i = -2. What is the remainder when 97 is divided by f?
22
Let h = -304 + 331. Let g be -2*(-4)/1*1. Let w = 6 + g. What is the remainder when h is divided by w?
13
Let h = 61 - -46. Suppose -5*n = -5*q - 130, 5 = 5*q - 0. Calculate the remainder when h is divided by n.
26
Suppose -3*g - 1 = 2. Let p(v) = -15*v - 1. Calculate the remainder when 40 is divided by p(g).
12
Calculate the remainder when 38 is divided by 10/6*(-2 + 8).
8
Suppose 4*x = 4*w + 75 + 5, -102 = -5*x + 4*w. Let a = x + -18. What is the remainder when 1 + 1 - (-9 - -1) is divided by a?
2
Calculate the remainder when 6205/55 + (-2)/(-11) is divided by 29.
26
Let h(w) = -2*w. Let o be h(-1). Suppose -9 = -o*l + 27. Calculate the remainder when 53 is divided by l.
17
Let j be (-2 + 40/12)*3. Suppose 3*k - 107 = -2*z, -4*k - j*z + z = -142. Calculate the remainder when k is divided by 10.
7
Let w(o) = -10*o + 17 + 0*o - 7 - 10*o**2 + o**3. Let c be w(11). Let g = 37 - c. What is the remainder when 47 is divided by g?
15
Let l(g) = 4*g**2 + 9*g + 17. What is the remainder when l(-5) is divided by 38?
34
Let c(f) = -f**2 + 18*f - 14. What is the remainder when c(17) is divided by 1?
0
Let l = 8 - 18. Let q = 22 + l. What is the remainder when q is divided by 5?
2
Suppose 0 = -m + 5 - 1, 5*b - 12 = -3*m. Suppose 3*s - 21 - 15 = -t, b = 2*s - t - 19. Let i = 1 + 5. What is the remainder when s is divided by i?
5
Let i be -2*2*3/(-6). Let w = 7 + i. Calculate the remainder when 17 is divided by w.
8
Let x(i) = -4*i - 15. Let z = 14 + -24. What is the remainder when x(z) is divided by 7?
4
Let z = -5 - -21. What is the remainder when z is divided by 5?
1
Let q = 58 - 36. Suppose -3*i + 5*i - q = 0. Let v = 25 + -18. What is the remainder when i is divided by v?
4
Suppose 3*d - 58 = 2*d. What is the remainder when d is divided by 12?
10
Let n(q) = 11*q + 2. Let p be n(-2). Let s = -2 - p. Calculate the remainder when 71 is divided by s.
17
Suppose -8 = -z - 3*v, 4*v - v + 12 = 0. Let t be 18 + (3 - 6) + 6. Let s = z + t. Calculate the remainder when s is divided by 14.
13
Let j(v) be the third derivative of -5*v**4/24 - 4*v**3/3 - 3*v**2. Calculate the remainder when j(-9) is divided by 13.
11
Calculate the remainder when 33 is divided by 4 + (-12)/3 + 18.
15
Let w = 2 + -2. Suppose 33 = 4*r - s, 5*r - 2*s - 45 = -w*s. Suppose 0 = -2*q + 66 - 26. Calculate the remainder when q is divided by r.
6
Suppose 0 = -9*z + 195 - 33. Calculate the remainder when z is divided by 10.
8
Let y be ((-8)/(-10))/(6/15). Suppose -2*u - 39 = -2*z - u, 5*z + y*u = 75. What is the remainder when z is divided by 6?
5
Let q be (4 + -1)*-8*-1. Suppose -4*v + 0*v + q = 0. Calculate the remainder when (-15)/5*(-4)/v is divided by 1.
0
Suppose 5*a - 9 = 2*k, 4*a - 8 = 3*k + 2. Suppose -a = 5*p - 3*c - 59, c - 10 = -p. Let z = 7 + 25. What is the remainder when z is divided by p?
10
Let x(t) = -t - 15. Let d be x(-10). What is the remainder when 41 is divided by (-112)/d - 36/90?
19
Suppose 0 = -5*c + 2*c + 15. Suppose 0 = -0*b + 3*b + 4*h - 146, 0 = -c*b - 4*h + 230. What is the remainder when b is divided by 11?
9
Let t = -6 + 22. Calculate the remainder when 46 is divided by t.
14
Let o = 207 - 146. Let h = -30 + o. Calculate the remainder when h is divided by 7 + 1/((-3)/(-12)).
9
Suppose -5*l = -5*z - 5, 5*l - z - 9 = -0*z. Suppose -3*k + y - 2*y + 23 = 0, 4*y = -3*k + 11. What is the remainder when 2 - (1 + l + -26) is divided by k?
7
Let g(x) = 24*x**3 + 2*x**2 - 2*x + 1. Suppose -2*i + 15 + 11 = 0. What is the remainder when g(1) is divided by i?
12
Let v = 26 + -9. Calculate the remainder when 47 is divided by v.
13
Let l be ((-94)/3)/((-6)/9). Calculate the remainder when (1 + -2)/((-1)/l) is divided by 12.
11
Suppose -4*f + 5*v + 42 = 0, 5*f - v = 4*v + 50. What is the remainder when f is divided by 4?
0
Let g be (-41)/(((-6)/3)/4). Suppose 4*y - r + 3*r = g, -33 = -y - 3*r. Calculate the remainder when y is divided by 4.
2
Let v = -3 + 36. What is the remainder when 63 is divided by v?
30
Suppose 0 = 5*n - 3*f - 28, 2*n + 2*f = 2 + 6. Suppose -n*d - 5 + 70 = 0. What is the remainder when 5 + -2 + 10*2 is divided by d?
10
Let j be 30/9 + 1/(-3). Suppose -10 = j*q - 130. Suppose 0*c - q = -4*c. Calculate the remainder when c is divided by 3.
1
Let j = 32 - 21. Suppose 8 = 4*x, -b = -0*x + 5*x - 15. Suppose b*a = 44 + 61. What is the remainder when a is divided by j?
10
Let c = -1 + 4. Suppose -5*f = -4*u - 201, c*u + 2*u + 118 = 3*f. What is the remainder when f is divided by 21?
20
Let n(p) = 16*p - 6. Let g(h) = 11*h - 4. Let i(m) = -8*g(m) + 5*n(m). What is the remainder when i(-5) is divided by 11?
9
Let q = -34 + 37. What is the remainder when 9 is divided by q?
0
Suppose 0 = -3*y + 324 - 27. Let g = -11 + 41. What is the remainder when g is divided by (y/2)/(-9)*-2?
8
Let l = -6 + -1. Let c = l + 21. Let s(m) = 5*m. Calculate the remainder when c is divided by s(1).
4
What is the remainder when 58 is divided by 40*(4 + (-28)/8)?
18
Let h = -4 + 5. Calculate the remainder when 30/8 + h/4 is divided by 3.
1
Let w(y) = -y**2 + 7*y + 8. Let s be w(-7). Let q = -63 - s. Calculate the remainder when 80 is divided by q.
26
Suppose -4*m - 4 = -5*m. Let k = m + 4. Let z = k - -1. What is the remainder when 16 is divided by z?
7
Suppose 3 = -3*w + 3*i + 69, i = -3*w + 66. Suppose 0 = -4*g - 5 + 37. Calculate the remainder when w is divided by g.
6
Let u = 249 + -362. Calculate the remainder when 81 is divided by u/(-4) - (-2)/(-8).
25
What is the remainder when 48 is divided by (-24)/(-96) + 134/8?
14
Suppose -75 = -5*a + 5. Suppose 4*w - 4 - a = 0. What is the remainder when w is divided by 8/3 + 1/3?
2
Suppose 3*l = -4*r + 30, -4 = -r - 2*l + 6. Suppose r*f - f - 75 = 0. Let u(j) = 30*j**2 - 2*j + 1. Calculate the remainder when u(1) is divided by f.
14
Let m = 136 - 115. What is the remainder when 39 is divided by m?
18
Suppose 3*q + 2*f + 2*f = 202, 5*q = 3*f + 298. Calculate the remainder when q is divided by 16.
14
Let c(h) = -6*h + 3*h + 3 + 8*h**3 - 2*h**2 + 0*h. Let a be c(2). Suppose 5*b + o - a = -2*o, -5*o = -5*b + 45. What is the remainder when b is divided by 6?
4
Let p(l) = 2 - 7*l + 0*l - 1. Suppose 0 = -2*j + j + 8. Calculate the remainder when p(-2) is divided by j.
7
Let l be (-1 - -2) + 0 - -13. Suppose 7*p - 25 = -2*n + 2*p, 4*n = 2*p + l. Suppose 4*j + 10 - 22 = 0. Calculate the remainder when n is divided by j.
2
Suppose 0 = 3*a - 0 - 6. Suppose 0 = a*d + 2*d - 48. Calculate the remainder when 34 is divided by d.
10
Let t(b) = b**2. Suppose -r + 198 = r + j, 3*r + 3*j = 303. Calculate the remainder when r is divided by t(-5).
22
Suppose 54 = -a + 3*z, 64 = -a + 5*z - 0. Calculate the remainder when (-4)/((-12)/a)*-1 is divided by 4.
1
Let p(s) be the second derivative of -s**4/12 + 7*s**3/6 - 2*s**2 - 7*s. What is the remainder when 2 is divided by p(6)?
0
Let m = -26 + 54. Calculate the remainder when 52 is divided by m.
24
Let w = 23 - -14. Calculate the remainder when w is divide